. Is x(h) a composite number?
False
Let a be 29176/((-4)/1 - -5). Let n = 19665 - a. Let w = 15450 + n. Is w prime?
True
Let p(c) = -786*c - 569. Is p(-28) prime?
False
Let o be (5 - 0) + -1 + 4. Suppose 0 = -o*b - 20646 - 124362. Is (-2)/(-4) + b/(-12) prime?
True
Suppose 31*t = 247112 + 2652732 + 729791. Is t a prime number?
False
Let i(h) = 11845*h + 2182. Is i(3) prime?
True
Let i(h) = 150*h + 17. Let y(r) = r - 1. Let c(f) = -i(f) - y(f). Is c(-9) a composite number?
True
Suppose 2*o + 2*x = 360126 + 727824, 3*o - 1631941 = -5*x. Is o prime?
True
Let h(s) = -s**2 + 29*s - 3. Let j be h(19). Let z(l) = j + 3*l**2 - 2*l**2 + 2*l + 0*l - 4*l. Is z(0) prime?
False
Suppose -3*h = 3*n - 4*n + 194, 3*n - 570 = -3*h. Is n/(((-6)/7)/(-6)) composite?
True
Suppose -47502 = 5*t - 7*t - 2*b, -47504 = -2*t - b. Is t prime?
True
Let i(y) = 44*y + 34. Let r be i(-3). Let l = 80 + r. Let s = 35 - l. Is s composite?
False
Is (9 - 8)/((-1)/(-102774)*6) composite?
True
Let h be 94987 + 2 - (-21 - -14). Suppose -h = -18*w + 79946. Is w prime?
True
Let x = 551 + -546. Suppose 7*i = x*t + 10*i - 63587, 0 = -3*t - 2*i + 38153. Is t composite?
True
Let w = 824 - 787. Is w a composite number?
False
Let h(k) = -356*k + 1765. Is h(-72) a composite number?
False
Let i(x) = -250*x + 15. Let s(j) = 83*j - 5. Let l(k) = -3*i(k) - 8*s(k). Is l(14) a prime number?
False
Suppose -78*u = -80*u + 10. Suppose -y = -0*y + 2*j - 14821, u*y - j - 74061 = 0. Is y prime?
True
Suppose 23*f - 3030 = 18*f. Suppose 0 = -4*q + 20, 3*g + 1292 - 265 = -4*q. Let a = g + f. Is a a prime number?
True
Suppose 152*g + 2250 = 157*g. Let h be (19/1)/((-2)/(-4)). Is g/4 - (-19)/h a composite number?
False
Let y(d) = 15*d**2 + 31*d - 1. Let g(n) = -30*n**2 - 62*n + 3. Let v(t) = -4*g(t) - 7*y(t). Is v(-13) a composite number?
True
Suppose 3*k - z - 2*z = -12, -4 = -2*k - z. Let y(u) be the third derivative of u**4/24 + 85*u**3/6 + 152*u**2 + 2. Is y(k) prime?
False
Let m = 40959 - 110204. Is (-2)/(-2)*m/(-15)*3 a prime number?
False
Suppose -5*j - 2*z + 3*z = -153543, -5*j + 3*z = -153549. Suppose 0 = -54*b + 66*b - j. Is b a composite number?
True
Let y = 57 - 59. Let n be (-3)/2*y + (13 - 10). Suppose 638 = n*g + 20. Is g composite?
False
Suppose -433*b + 428*b + 301855 = 2*c, -120771 = -2*b + 5*c. Is b prime?
True
Let j(r) = -2*r + 14. Let b be j(4). Let l(m) = 1555*m - 41. Is l(b) a prime number?
False
Let y(g) = g + 32. Let p be y(-20). Let m(l) = 12*l**2 + 17*l + 31. Is m(p) composite?
True
Is ((-346)/4)/((-10)/1780) a prime number?
False
Let b(k) = 152570*k - 1337. Is b(1) composite?
True
Let d(t) = 203*t**3 - 96*t**2 - 10*t - 56. Is d(15) a composite number?
False
Let t be 63/13 - 6/(-39). Let n(z) = 472*z + 27. Let f(s) = 473*s + 28. Let b(l) = t*f(l) - 4*n(l). Is b(7) composite?
False
Suppose 12 = 2*n, 128*n - 123*n - 104300 = -2*z. Is z composite?
True
Let z = 285 + -283. Suppose 0 = z*w + 18828 - 60398. Is w a composite number?
True
Suppose -5514455 = -5*y + 2*d, 4*y - 78*d - 4411564 = -76*d. Is y prime?
True
Let a(n) = 104*n**3 + 3*n**2 - 3*n + 11. Let s be a(2). Suppose 2*y = -0*y + 2572. Let d = y - s. Is d a prime number?
False
Let b = -177 + 182. Suppose -5*n + 1755 = -0*n + b*v, 1374 = 4*n - 2*v. Is n a prime number?
False
Let k(i) = i**2 - i. Let j(b) = -94*b**2 - 9*b + 6. Let n(r) = j(r) - 5*k(r). Let c be n(4). Let s = c + 2937. Is s a composite number?
True
Let j = -3416 + 4088. Suppose -2680 = 3*y - 6*y - 5*f, -2*y + 1790 = 4*f. Suppose -489 - y = -2*s + 4*b, -s = -5*b - j. Is s a composite number?
True
Let h = 5470 + -3877. Let u(m) = 10*m**3 + 7*m**2 + 5*m - 6. Let w be u(6). Let g = w - h. Is g prime?
False
Let a(b) = -16*b**3 + 5*b**2 + 14*b - 16. Let t(y) = y**3 + 13*y**2 - 13*y + 7. Let x be t(-14). Is a(x) a prime number?
False
Suppose 260*k = 1099869 + 14929391. Is k composite?
False
Suppose 0 = -4*w - 3*s + 3 - 11, 18 = -2*w - 5*s. Let a(d) = 37*d**2 + 22*d - 22. Is a(w) composite?
False
Let j(s) = -s - 1. Let v(h) = -h**2 + 10*h - 13 - 3*h**2 - 15 + h**2. Let b(o) = -2*j(o) - v(o). Is b(7) composite?
True
Suppose -4*m + 68348 = 4*b, 2*b - m = m + 34154. Let z = 25231 - b. Is z a prime number?
False
Let b = 1242 - 830. Suppose -b*a + 4972 = -408*a. Is a composite?
True
Let u = -139 - -142. Suppose -u*z + 7011 = 6*d - 3*d, 4678 = 2*d + 3*z. Is d prime?
True
Suppose -12 = 3*h - 21. Let f be (-28)/3 - -1 - 2/h. Let u = f - -42. Is u a prime number?
False
Suppose -5*w - s - s - 6 = 0, 2*s + 6 = -2*w. Let u be 18 + w + 0 + 1. Suppose u*m - 381 = 16*m. Is m a prime number?
True
Suppose 0 = 39*a - 42*a + 4*g + 52181, -86979 = -5*a + 4*g. Is a composite?
True
Suppose 9 = 42*a - 45*a + 3*i, -4*a + i = 3. Suppose -2*x - f + 1507 + 22509 = 0, 5*x - 3*f - 60029 = a. Is x a composite number?
False
Let t(f) be the second derivative of 2*f**5/5 - f**4/3 - f**3/3 - f**2/2 + 3*f - 1. Is t(5) a prime number?
False
Let g be (-4 - -1) + 6 + -1 - -5. Let q(r) = 124*r**2 + 27*r - 18. Is q(g) prime?
True
Suppose -221207826 = -331*c + 152732473. Is c composite?
False
Let q be 12/(-10)*45/36*-2. Suppose -115*j = -112*j - q, 4*u + 5*j - 27297 = 0. Is u composite?
False
Let c be 2347/((6/(-2))/(-3)). Let m = -1295 + c. Let o = m + -13. Is o a composite number?
False
Let j(k) = 7*k**2 - 4*k + 4. Let i be j(4). Is (-1 + 13 + 0)*425/i a prime number?
False
Suppose -2*o = -3*l - 1373, -2779 = -4*o + 38*l - 43*l. Is o a composite number?
False
Let z = -367 + 373. Is 44160 + (-3 - (-6 + z) - 2) composite?
True
Suppose -9*d - 224047 = -1056241. Suppose -7*v + d = -12247. Is v a composite number?
True
Let y(n) = 17095*n**2 + 14*n - 104. Is y(3) a composite number?
True
Is (-75)/24 + 3 + -3 + 7189287/56 a prime number?
True
Is (-1845076)/6*387/(-258) a composite number?
False
Let d = -48989 - -112362. Is d a composite number?
True
Suppose 0 = 3*f - 9, -2*f + 5304 = 3*k - 0*f. Let r = k + 653. Is r a composite number?
True
Let z(x) = -8*x + 199. Let w be z(21). Suppose w*g - 9253 = 12*g. Is g composite?
False
Suppose 4*m - f + 0*f = 17782, -22215 = -5*m - 5*f. Let d be (-510)/(-150) - 2/(20/(-6)). Suppose -s + m = d*s. Is s a prime number?
False
Let p = -835 + 1189. Suppose -p = -f + 908. Is f prime?
False
Suppose 0 = -s + 4*q + 149549, 3*s - 448671 = -62*q + 66*q. Is s a composite number?
False
Let k(n) = -70*n + 6. Let b be k(-6). Suppose 0 = -63*z + 62*z - 189. Let g = z + b. Is g composite?
True
Let n = -66 - -32. Let k = n - -32. Is k*(-1 + 0 + 0)*211 composite?
True
Let d(r) = -1119*r**3 + 13*r**2 + 40*r + 1. Is d(-3) prime?
True
Let d = 81 + -78. Suppose 5*o - d = -2*k + 1, -k + 2 = 2*o. Suppose -346 - 128 = -k*l. Is l composite?
True
Let m(a) = 53*a**2 + 287*a - 335. Is m(68) composite?
True
Let g = 57809 + -41282. Suppose -3*o = 9, o = 2*d - 2*o - g. Is d a prime number?
False
Let l be (-10)/75 + (-56)/30. Let r be (15 - 10)*((-1380)/l)/(-2). Let y = -1184 - r. Is y a prime number?
True
Let w = -848 - -862. Let x(j) = -j**3 + 17*j**2 - 34*j + 87. Is x(w) prime?
True
Let a be 1*((-2)/(-9) - 310/18). Is 14/(-2)*(-1212 + a) a prime number?
False
Let q = 1198968 - 536437. Is q a composite number?
False
Let s(z) = 48669*z**2 + 226*z + 686. Is s(-3) composite?
False
Suppose 5*c - 58*t + 62*t - 1057 = 0, 3*t + 645 = 3*c. Suppose c*i = 218*i - 73495. Is i a prime number?
True
Let j(p) = -3204*p + 2989. Is j(-46) a prime number?
True
Suppose 21*p - 5*i = 24*p - 56, -5*p - 4*i = -76. Let n(s) = 1327*s + 2. Is n(p) a composite number?
True
Let y(j) = 52*j**2 + 18*j + 3. Let p be y(13). Let m = 7813 + p. Is m a prime number?
False
Suppose 0 = -b + 2*b - 1131. Let f be 200/12*((-6)/8 - 468/16). Let v = b + f. Is v prime?
True
Let i be -2 - (2/8 - (-238)/(-56)). Suppose 3*p = i*p - 40. Is (1 + (-1)/3)/(p/(-18660)) composite?
False
Suppose -899*l + 106591842 = -845*l. Is l composite?
True
Let h = 1154 - -1093. Suppose 13735 = -21*f - 11815 - 2338. Let c = f + h. Is c a composite number?
False
Let i(k) = -11*k**3 - k**2 + 5. Let h be 54*((-20)/8 + 3). Suppose 0 = 2*c - 2*q + 2, h = -5*c - 5*q + 2. Is i(c) a composite number?
False
Suppose 1881 = -5*y + 5851. Suppose -4*k = -y - 2762. Is k prime?
False
Let n(p) = -3*p - 12. Let a(o) = -9*o - 37. Let s(g) = 6*a(g) - 17*n(g). Let m be s(-6). Suppose -7*q +